2 - 33*j - 37. Give w(34).
-3
Let d(r) = -r**2 + 8*r - 9. Calculate d(6).
3
Let r(c) = -38*c - 6. Give r(3).
-120
Let c(v) = 10*v + 1. Calculate c(1).
11
Let k(a) = -a**3 - a**2 + 4*a. Give k(-3).
6
Let x(b) = b**2 - 5*b - 10. Determine x(6).
-4
Let l(c) = 74*c + 173. Calculate l(-2).
25
Let i(g) = g**3 + 4*g**2 - 7*g - 6. Determine i(-6).
-36
Let j(p) = -21*p - 422. Give j(-20).
-2
Let j(v) = -2*v + 80. Determine j(-23).
126
Let y(f) = 2*f**3 + 6*f**2 + 3*f + 1. What is y(-2)?
3
Let o(b) = -b**3 - 17*b**2 + 19*b + 22. Calculate o(-18).
4
Let b(k) = 76*k**3 + 3*k**2 + k. Calculate b(-1).
-74
Let m(o) = o + 19. Calculate m(-13).
6
Let l(t) = -12*t - 24. Calculate l(-1).
-12
Let u(m) = -2*m + 5. Determine u(4).
-3
Let m(k) = 3*k + 29. What is m(-12)?
-7
Let k(l) = -2*l - 20. Calculate k(-9).
-2
Let j(s) = s**2 + 26*s - 32. Determine j(-24).
-80
Let w(j) = 3*j + 23. Calculate w(-8).
-1
Let x(a) = -a**3 + 36*a**2 - 203*a - 7. Give x(7).
-7
Let g(i) = i**3 + i**2 - i - 1. Calculate g(1).
0
Let h(z) = 8*z - 25. Calculate h(3).
-1
Let o(q) = q**2 - 11*q - 24. What is o(10)?
-34
Let k(z) = z**2 + 67*z + 125. What is k(-65)?
-5
Let m(b) = b + 1. What is m(1)?
2
Let s(a) = a**2 - 4*a - 1. Give s(4).
-1
Let q(h) = 4*h**3 - 3*h**2 + 2*h. Calculate q(2).
24
Let b(a) = -a**2 - 11*a + 72. Calculate b(7).
-54
Let i(p) = p**3 + 10*p**2 - 12*p + 13. What is i(-11)?
24
Let a(l) = -2*l**3 - 10*l**2 - 3*l. Determine a(-5).
15
Let l(b) = -2*b**3 - 11*b**2 - 6*b - 31. What is l(-6)?
41
Let i(m) = -2*m + 1. Give i(9).
-17
Let d(g) = -g**3 + 4*g**2 + 2*g + 5. Calculate d(5).
-10
Let f(l) = l**3 - 10*l**2 + 5*l + 5. What is f(10)?
55
Let i(d) = -d**3 - 5*d**2 + 5*d - 4. Determine i(3).
-61
Let u(x) = x**3 + 2. What is u(2)?
10
Let x(q) = 4*q - 69. Give x(20).
11
Let p(o) = -21*o + 313. What is p(15)?
-2
Let i(x) = x**2 - 2*x + 9. Determine i(-5).
44
Let t(m) = 2*m**2 + 3*m + 3. What is t(3)?
30
Let o(x) = x**3 - 4*x**2 + 3*x - 1. Give o(6).
89
Let z(b) = -6*b - 84. What is z(-17)?
18
Let f(o) = -2*o. Give f(6).
-12
Let l(g) = -182*g - 551. Calculate l(-3).
-5
Let d(s) = -2*s**2 + 10*s - 7. Give d(2).
5
Let g(b) = -2*b**2 - 8*b + 238. What is g(-13)?
4
Let l(x) = -x**2 + x + 5. What is l(6)?
-25
Let j(b) = 9*b - 68. Determine j(7).
-5
Let p(o) = -12*o + 3. Give p(1).
-9
Let w(v) = -v**3 + 13*v**2 - 22*v - 4. Give w(11).
-4
Let w(a) = -a**2 - 3*a + 146. What is w(11)?
-8
Let g(z) = z**3 - 19*z**2 - z + 14. Determine g(19).
-5
Let w(m) = 2*m**3 + 2*m**2 - m + 1. Calculate w(-2).
-5
Let m(u) = 7*u - 34. Give m(6).
8
Let c(b) = 3*b + 8. Determine c(12).
44
Let i(g) = -g**3 - 8*g**2 + 5*g + 3. Determine i(-8).
-37
Let w(i) = 2*i + 3. What is w(-12)?
-21
Let l(r) = 5*r - 2. Give l(-1).
-7
Let t(q) = 8*q - 40. Calculate t(0).
-40
Let m(r) = 4*r - 41. Calculate m(8).
-9
Let s(c) = c**2 - 5*c - 1. What is s(8)?
23
Let k(x) = -2*x**3 - 74*x**2 + 4*x + 155. What is k(-37)?
7
Let w(m) = 2*m**2 + 128*m + 137. Give w(-63).
11
Let c(s) = s**3 + 7*s**2 - 9*s - 13. Give c(-8).
-5
Let h(x) = 29*x - 656. Give h(22).
-18
Let r(y) = -2*y**2 + 3*y - 2. What is r(3)?
-11
Let f(k) = -k**3 + 9*k**2 - 14*k + 3. Calculate f(7).
3
Let d(v) = 3*v + 9. Give d(-9).
-18
Let q(f) = 7*f + 311. Calculate q(-45).
-4
Let r(v) = 2*v + 46. Give r(5).
56
Let r(o) = -12*o - 71. Determine r(-6).
1
Let g(w) = 2*w - 1. What is g(9)?
17
Let o(f) = 2*f - 120. Determine o(57).
-6
Let q(j) = -11*j - 61. Determine q(-11).
60
Let m(b) = b**2 - 17*b + 25. Determine m(14).
-17
Let k(j) = j**3 - 4*j**2 - 4*j. What is k(5)?
5
Let f(n) = n**3 + 18*n**2 - 19*n + 6. Calculate f(-19).
6
Let k(w) = -9*w**3 + 3*w**2 + 3*w - 3. Calculate k(-2).
75
Let f(u) = 5*u**3 + 34*u**2 - 5*u + 9. Give f(-7).
-5
Let y(r) = r**3 - 12*r**2 + 13*r - 31. Determine y(11).
-9
Let m(z) = -z**3 + 16*z**2 - 29*z + 14. What is m(14)?
0
Let a(g) = -73*g + 2. What is a(1)?
-71
Let v(u) = u**3 + 3*u**2 - u - 4. Give v(-3).
-1
Let w(c) = c**3 + 9*c**2 - 9*c + 6. What is w(-10)?
-4
Let n(l) = -l**2 - 1. What is n(-1)?
-2
Let w(t) = 3*t**3 - 5*t**2 + 3*t + 3. Give w(2).
13
Let x(b) = b + 39. Calculate x(11).
50
Let r(a) = -a**3 + 4*a**2 + 3*a + 12. Give r(5).
2
Let g(h) = h**3 + 3*h**2 - 7*h - 8. Determine g(-4).
4
Let q(n) = -n**3 - 11*n**2 + 25*n - 6. Give q(-13).
7
Let z(j) = 14*j - 30. Calculate z(2).
-2
Let k(d) = -3*d + 75. Determine k(21).
12
Let i(z) = 3*z**2 + 9*z - 11. What is i(0)?
-11
Let b(w) = w**2 + 15*w + 14. What is b(-13)?
-12
Let h(n) = 28*n**3 - 2*n**2 + 1. Determine h(1).
27
Let p(g) = g**2 - 7*g + 9. What is p(5)?
-1
Let v(k) = -k**2 + 3. What is v(2)?
-1
Let t(n) = -2*n**2 + 3*n + 20. What is t(-9)?
-169
Let s(t) = -5*t + 13. Calculate s(7).
-22
Let k(u) = -2*u**3 - 28*u**2 + 30*u + 12. Calculate k(-15).
12
Let p(a) = 3*a**2 - a + 8. Determine p(6).
110
Let d(r) = 2*r - 13. Calculate d(-6).
-25
Let o(c) = c**2 - 11*c - 11. Calculate o(12).
1
Let s(x) = -3*x**2 - 13*x - 28. What is s(-3)?
-16
Let g(f) = -f**2 + 16*f - 20. Determine g(14).
8
Let b(o) = o**2 - 7*o + 5. What is b(7)?
5
Let x(r) = r**3 - 7*r**2 + 8*r + 4. What is x(6)?
16
Let a(b) = -3*b - 5. What is a(-9)?
22
Let r(z) = -z**3 + 26*z**2 - 25*z + 1. What is r(25)?
1
Let p(f) = 2*f + 13. Calculate p(-8).
-3
Let j(a) = 2*a**2 - 36*a + 19. What is j(6)?
-125
Let v(t) = t**3 - t**2 - 7*t - 4. Calculate v(0).
-4
Let w(k) = -k**3 - 9*k**2 + 3*k + 2. Give w(-10).
72
Let g(d) = 5*d + 36. Give g(-9).
-9
Let q(j) = -j**3 + 16*j + 2. Calculate q(-4).
2
Let f(w) = -2*w + 2. Calculate f(5).
-8
Let w(d) = -16*d - 17. Determine w(-2).
15
Let g(n) = n**3 - 11*n**2 + 12*n + 15. Determine g(9).
-39
Let l(w) = -5*w - 4. What is l(-3)?
11
Let k(b) = -b**3 - 8*b**2 - 2*b + 14. Calculate k(-7).
-21
Let y(n) = -n**2 + 45*n + 209. What is y(-4)?
13
Let b(t) = -t**3 + 8*t**2 + 8*t + 6. Give b(9).
-3
Let g(p) = -p + 3. Determine g(-2).
5
Let v(q) = q**2 - 30. What is v(0)?
-30
Let x(f) = -f**3 - 2*f**2 + 9*f + 25. What is x(-3)?
7
Let n(s) = s + 5. Determine n(7).
12
Let w(l) = -l**3 + 2*l**2 + 3*l - 5. What is w(2)?
1
Let c(v) = 3*v - 17. Give c(3).
-8
Let l(o) = -o**2 - 6*o + 18. What is l(-9)?
-9
Let q(u) = -6*u**2 - u + 4. Calculate q(-2).
-18
Let x(o) = 8*o - 24. Calculate x(7).
32
Let t(k) = -k**2 + 33*k + 8. Calculate t(33).
8
Let m(r) = r**3 - 2*r**2 - 8*r + 5. Calculate m(4).
5
Let m(p) = p**3 + 3*p**2 + p + 32. Determine m(-4).
12
Let r(i) = -i**3 + 3*i**2 + 2*i. Give r(4).
-8
Let r(o) = -6*o - 38. Determine r(-9).
16
Let a(b) = -4*b**2 - 151*b + 52. Give a(-38).
14
Let b(d) = -d**2 - 13*d - 45. What is b(-4)?
-9
Let j(u) = -109*u - 657. Calculate j(-6).
-3
Let a(i) = i**2 - 2*i - 33. Give a(-4).
-9
Let f(g) = -2*g + 12. What is f(-5)?
22
Let z(u) = -u**2 + 3. Calculate z(-3).
-6
Let r(j) = j**2 + 7*j - 42. Determine r(4).
2
Let c(o) = -7*o + 76. Determine c(11).
-1
Let g(j) = -j**3 + 3*j**2 + j + 4. What is g(4)?
-8
Let j(z) = z**3 - z**2 + z - 3. Calculate j(3).
18
Let s(f) = f**3 - 4*f**2 - 6*f - 37. Give s(6).
-1
Let g(i) = -i**3 + 5*i**2 + 8*i - 4. Give g(6).
8
Let m(o) = 15*o + 52. Give m(-4).
-8
Let c(w) = 3*w**3 - 4*w**2 + 3*w - 8. Calculate c(2).
6
Let w(b) = -2*b - 17. What is w(-9)?
1
Let o(d) = 5*d**3 + 2*d**2 - 2*d - 1. What is o(-2)?
-29
Let f(m) = -m**2 + 2*m + 138. Calculate f(13).
-5
Let t(x) = 8*x**2 + 4*x + 3. Determine t(3).
87
Let r(u) = 62*u + 70. What is r(-1)?
8
Let w(k) = -k**2 + 7*k + 1. What is w(-3)?
-29
Let j(f) = -7*f - 15. Calculate j(-4).
13
Let f(m) = -2*m**2 - 8*m - 1. Determine f(-4).
-1
Let b(h) = h**2 - 8*h - 14. Determine b(0).
-14
Let u(n) = -n**3 + 11*n**2 - 11*n + 19. Give u(10).
9
Let k(w) = 39*w + 5. Determine k(-2).
-73
Let q(d) = 4*d**2 - 27*d + 17. Calculate q(6).
-1
Let i(q) = -q**3 - 22*q**2 - 18*q + 10. Give i(-21).
-53
Let b(n) = -2*n**2 - 3*n + 4. What is b(-3)?
-5
Let x(w) = 3*w**2 + 6*w + 7. Determine x(-2).
7
Let r(p) = 24*p**2 + p - 3. Give r(2).
95
Let w(n) = -17*n - 69. Give w(0).
-69
Let n(c) = -4*c - 5. Give n(11).
-49
Let u(b) = -10*b + 19. Calculate u(6).
-41
Let c(r) = -4*r - 8. Determine c(5).
-28
Let j(n) = -2*n**2 - 16*n + 10. Calculate j(-9).
-8
Let w(n) = -n**3 - n + 2. What is w(2)?
-8
Let p(z) = -z**2 - 7*z + 112. What is p(8)?
-8
Let t(m) = 75*m - 1799. Determine t(24).
1
Let f(b) = -b**3 + 13*b**2 + 12*b + 29. Calc